e 6, what is -4 + -130513?
-130521
In base 12, what is 5 - 6a795?
-6a790
In base 11, what is -5 - -800?
7a6
In base 5, what is 13411 - -211?
14122
In base 14, what is -3 + -1b256?
-1b259
In base 16, what is -9766 + -4?
-976a
In base 13, what is 63826c + 3?
638272
In base 13, what is -9 + 28a67?
28a5b
In base 13, what is 5 - -151aa?
151b2
In base 11, what is 185502 - 0?
185502
In base 12, what is 2 + -11446?
-11444
In base 3, what is 12 - -1102221?
1110010
In base 3, what is 220 - 20122?
-12202
In base 16, what is -b909a + 2?
-b9098
In base 8, what is -5 - -10440?
10433
In base 8, what is -153561 - -16?
-153543
In base 11, what is -19a2a58 + -1?
-19a2a59
In base 9, what is -7013 - -13?
-7000
In base 8, what is 1 - 15166?
-15165
In base 14, what is 3ccb + -41?
3c8a
In base 4, what is -111212301 + -3?
-111212310
In base 7, what is 1 + -6364?
-6363
In base 9, what is 5 + -333432?
-333426
In base 11, what is 1 + -5367?
-5366
In base 11, what is 2554a + 4?
25553
In base 16, what is 2f + ac47?
ac76
In base 9, what is -4 + 138743?
138738
In base 2, what is 101100111 - -1011000010?
10000101001
In base 9, what is 5 + 5435?
5441
In base 6, what is 1233141 + -2?
1233135
In base 2, what is -10001100 - 1111000100?
-10001010000
In base 9, what is -72527 - -23?
-72504
In base 2, what is -11111011 + -1101111000110?
-1110011000001
In base 14, what is -ca23 - -1c?
-ca05
In base 8, what is -3 + 60316?
60313
In base 2, what is -10111000 - 100111101?
-111110101
In base 10, what is 14 - 372?
-358
In base 16, what is -965 + -15?
-97a
In base 12, what is a604 + -6?
a5ba
In base 4, what is 1301012330 + -11?
1301012313
In base 12, what is -b6 - -1077?
b81
In base 8, what is -170 - 1071?
-1261
In base 4, what is 10033 + 1020?
11113
In base 13, what is -4 - 8b81?
-8b85
In base 7, what is 120 - -204233?
204353
In base 11, what is 94925 - -5?
9492a
In base 8, what is 4 + -1567?
-1563
In base 8, what is -15676623 + -5?
-15676630
In base 5, what is 3133341 - -20?
3133411
In base 6, what is -4 - -11412?
11404
In base 3, what is -221 + -1010222?
-1011220
In base 4, what is -1022 + -2301?
-3323
In base 11, what is 30901 - 10?
308a1
In base 3, what is 2 - 1010022?
-1010020
In base 9, what is -176183 + 3?
-176180
In base 10, what is 179 + -22605?
-22426
In base 5, what is -1132 - 20413?
-22100
In base 11, what is 449 - -855?
11a3
In base 9, what is -783 - -483?
-300
In base 7, what is 354 - 24626?
-24242
In base 16, what is -47e472 + 4?
-47e46e
In base 15, what is -21b - -24?
-1e7
In base 15, what is -548 + 25?
-523
In base 8, what is 5 + -55102?
-55075
In base 16, what is 96f + 22d?
b9c
In base 9, what is -7 + -121512?
-121520
In base 11, what is -499 + 21?
-478
In base 6, what is -55 + 1314?
1215
In base 10, what is 29831 + -2?
29829
In base 2, what is 10010010001 + -1001000?
10001001001
In base 15, what is -2 - 529e?
-52a1
In base 16, what is -b - -12852?
12847
In base 5, what is -111020 + -20?
-111040
In base 10, what is -17359 - 2?
-17361
In base 12, what is -1 + 216b?
216a
In base 7, what is -1014 - -126?
-555
In base 14, what is -6 + 1c68d?
1c687
In base 6, what is -31403445 - 2?
-31403451
In base 12, what is -1788 - 16?
-17a2
In base 10, what is 7239 - -13?
7252
In base 12, what is 575 + 114?
689
In base 4, what is 101232 - 111?
101121
In base 2, what is -110010111011101 + 1?
-110010111011100
In base 14, what is 11cd1 + 5?
11cd6
In base 9, what is -3 - 37848?
-37852
In base 2, what is -10011001111000111 + 11?
-10011001111000100
In base 14, what is 2 + -3352?
-3350
In base 7, what is 3 + 11451160?
11451163
In base 16, what is 3 - -14ea9?
14eac
In base 11, what is -8330844 + 0?
-8330844
In base 8, what is -4 + -42661?
-42665
In base 13, what is 4 + -1486?
-1482
In base 10, what is -3080 - 322?
-3402
In base 12, what is 1684 - -11?
1695
In base 10, what is -4 + -73187?
-73191
In base 14, what is 3 + 250a?
250d
In base 2, what is 1 - -100011001010110?
100011001010111
In base 14, what is -131 + -2a5?
-3d6
In base 15, what is 153104 + -1?
153103
In base 15, what is 5 + -4c7c6?
-4c7c1
In base 11, what is -5 + 3249?
3244
In base 16, what is a36 + 2?
a38
In base 10, what is -1 + -10087?
-10088
In base 15, what is 2 - 357b?
-3579
In base 3, what is 1122211 + -2112121?
-212210
In base 7, what is -20 - 136002?
-136022
In base 2, what is -10 + -10001001100000?
-10001001100010
In base 5, what is 3 - -1021400?
1021403
In base 15, what is -39d + 40?
-35d
In base 13, what is 45 - 454c?
-4507
In base 10, what is 4637 + 42?
4679
In base 6, what is -113 + -501432?
-501545
In base 3, what is -10110000212 - -10?
-10110000202
In base 4, what is -230023 - -21?
-230002
In base 2, what is 10010010110 - 11100101?
1110110001
In base 13, what is 23 - 1312?
-12bc
In base 10, what is -8 + -6966?
-6974
In base 6, what is -11301 - -122?
-11135
In base 12, what is -211a9 + 2?
-211a7
In base 15, what is -17b - -553?
3c7
In base 6, what is -5 - 440044?
-440053
In base 16, what is 86a3c + -3?
86a39
In base 11, what is 31a - 19?
301
In base 7, what is 162600 + 140?
163040
In base 8, what is 1262233 - 3?
1262230
In base 16, what is -3 + -65e2?
-65e5
In base 13, what is -21 + 16?
-8
In base 5, what is 4100320 - -1?
4100321
In base 16, what is befb - 6?
bef5
In base 13, what is 85 + 68b?
743
In base 6, what is 34513351 - -2?
34513353
In base 7, what is 4 + -513340?
-513333
In base 13, what is 7b39a - -5?
7b3a2
In base 10, what is 760 + -416?
344
In base 13, what is 5a737 - -2?
5a739
In base 11, what is -77 + 1513?
1447
In base 9, what is 460 - 24?
435
In base 8, what is 5752 - -20?
5772
In base 9, what is -7 - -10353?
10345
In base 5, what is -3 + -1301?
-1304
In base 10, what is -133 - -113?
-20
In base 3, what is -2200110 + 2222?
-2120111
In base 8, what is -6 + 20671?
20663
In base 7, what is -5 - -33524?
33516
In base 9, what is 43 + 57672?
57725
In base 2, what is 10 + -100010101011000000011?
-100010101011000000001
In base 14, what is -bdb - 7?
-c04
In base 13, what is -cc4 + 5c?
-c65
In base 4, what is -12101333 + -213?
-12102212
In base 14, what is -40 + 21b92?
21b52
In base 3, what is 11 + -1000012021?
-1000012010
In base 9, what is -4 - 61374?
-61378
In base 3, what is -2021 - 101221?
-111012
In base 15, what is 122153 - 4?
12214e
In base 2, what is -110001111010100 - 10?
-110001111010110
In base 12, what is -20 - -10072?
10052
In base 13, what is 133 + 11?
144
In base 3, what is -1 + 112112120?
112112112
In base 10, what is 0 - -40848?
40848
In base 15, what is b5 - -4e2?
5a7
In base 15, what is -4 + 2aae?
2aaa
In base 10, what is 208869 - -1?
208870
In base 15, what is 9ca5 - -d?
9cb3
In base 2, what is -10001011101100011 - -100?
-10001011101011111
In base 13, what is 12524 + 7?
1252b
In base 14, what is -1 - -14bdda?
14bdd9
In base 9, what is 38250 - 105?
38144
In base 14, what is -143d - -8?
-1435
In base 5, what is 33 + 14022000?
14022033
In base 5, what is 102140223 - -1?
102140224
In base 12, what is -149 + -376?
-503
In base 13, what is -23 - -aab?
a88
In base 13, what is -a - 52688?
-52695
In base 3, what is 120 - 1121112202?
-1121112012
In base 6, what is -5435 + 1022?
-4413
In base 14, what is 9 + -463c?
-4633
In base 13, what is 10434 + -13?
10421
In base 7, what is -52 + -1324?
-1406
In base 13, what is -3 + -169cc?
-16a02
In base 12, what is b7 - 61?
56
In base 12, what is 5 + -17478a?
-174785
In base 5, what is -1 - 100241?
-100242
In base 16, what is 4aa930 - -2?
4aa932
In base 8, what is 7 - -140?
147
In base 8, what is 23 - -704?
727
In base 13, what is 2 - 4814?
-4812
In base 15, what is -1b - 27442?
-2745d
In base 9, what is 13641 - -45?
13686
In base 7, what is 42 + -255530?
-255455
In base 10, what is 546817 - 4?
546813
In base 15, what is 6 + -1451?
-144a
In base 11, what is -4 + 3a0a1?
3a098
In base 4, what is 1333 + 1201?
3200
In base 11, what is -403937 - -2?
-403935
In base 7, what is -556 - -3045?
2156
In base 16, what is -4 + 115b3?
115af
In base 13, what is 9a35 - 6?
9a2c
In base 10, what is 385 + 264?
649
In base 3, what is 2 - 11001111020?
-11001111011
In base 2, what is -1000 - 100011010000?
-100011011000
In base 16, what is 3259 - -7?
3260
In base 13, what is -a512 - -4?
-a50b
In base 14, what is 7c23 + -3?
7c20
In base 9, what is -56536 - 4?
-56541
In base 13, what